 s and 7.
7
Suppose 3*u - 8*u = -60. Suppose -4*v = 4*c - 72, 4*v = v. What is the greatest common divisor of u and c?
6
Let m(i) = i**2 + 8*i. Let c be m(-8). Suppose p + 4*p - 230 = c. What is the greatest common factor of 115 and p?
23
Let g(j) = 3*j**3 - 4*j**2 - 3*j + 9. Let t be g(3). What is the highest common factor of 60 and t?
15
Let b = 0 - -5. Let g be (-52)/(-20) + 2/b. Suppose 2*t + 2*n = g*t - 40, n = -2*t + 100. Calculate the highest common divisor of 6 and t.
6
Let m = 49 - 16. Suppose -3 = i - 25. Calculate the greatest common factor of i and m.
11
Let l be (10/6)/((-3)/(-9)). Let k = l - -8. Calculate the greatest common divisor of 39 and k.
13
Let k(r) = r**3 + 6*r**2 - 2*r - 3. Let n be k(-6). Let j(c) = 2*c**2 - 5*c - 3. Let s be j(-5). What is the highest common divisor of n and s?
9
Let f be (2 - 1 - 2)*-40. Let d(p) be the first derivative of p**4/4 - 3*p**2/2 + 3*p + 2. Let j be d(2). Calculate the highest common divisor of f and j.
5
Let v = 5 + -3. Let s be (-2296)/(-36) - v/(-9). Let d = 0 - -8. What is the greatest common divisor of d and s?
8
Let l(o) = -o**3 - 2*o**2 + o + 90. Let u be l(0). What is the highest common divisor of u and 9?
9
Suppose 3*w = -9, 0*d + 5*w - 75 = -5*d. Let j = 6 - 3. Suppose 2*f = 1 + j. Calculate the highest common divisor of f and d.
2
Let u(q) = q**3 + q + 4. Let o be u(0). Let r be ((-4)/(-8))/(1/o). Calculate the highest common factor of 4 and r.
2
Let t = -6 + 9. Let u(w) = -3*w + 4*w - t + 3. Let d be u(2). What is the highest common divisor of d and 3?
1
Let t = 15 - 30. Let s = -7 - t. What is the greatest common divisor of s and 4?
4
Let w be 0/(1 - 0) + 10. Suppose -2*u + w + 0 = 0. Suppose d - u*f - 8 = -4*f, 0 = 4*d + 2*f - 44. What is the highest common divisor of d and 4?
2
Suppose 3 + 5 = 2*f. Calculate the greatest common factor of 44 and f.
4
Let g be ((-16)/(-6) + -1)*3. Let t = 8 - g. Let j be (54/4)/(4/8). What is the greatest common divisor of t and j?
3
Let d = -85 - -323. What is the greatest common divisor of 34 and d?
34
Let a be (-170)/(2 + 0) + -2. Let w be a/(-6) - (-2)/(-4). Suppose -3*g - 110 = -2*x + x, -g - 4 = 0. What is the greatest common factor of x and w?
14
Suppose 0 = -4*z + 2*z + 110. Suppose 0 = -6*m + 9*m - 33. Calculate the greatest common factor of m and z.
11
Let s be (-4)/(-12)*18/2. Suppose 86 = 3*z - 2*n + n, 2*z - 48 = s*n. Calculate the greatest common factor of 6 and z.
6
Suppose 0 = 2*n - 4*n + 5*i + 20, -4*n + i + 22 = 0. Calculate the greatest common divisor of 55 and n.
5
Suppose 40 + 116 = 2*j. Let u = 158 - j. What is the greatest common divisor of u and 32?
16
Suppose -131 - 289 = -5*g. Let x(t) = -t + 20. Let s be x(14). Let l be s/8*(1 + 15). Calculate the greatest common divisor of l and g.
12
Let v be (-2)/10 + (-7)/(-35). Suppose -5*n - 2*j + 73 = v, 0 = n + j - 19 + 2. What is the greatest common factor of 52 and n?
13
Suppose 15 = 3*w - 24. Let j(p) = 95*p**2 + 1. Let y be j(-1). Suppose -243 = -3*d - 4*v + y, 3*d - 360 = 3*v. What is the greatest common factor of d and w?
13
Let j(h) = -h**3 + 7*h**2 + 1. Let n be j(7). Let p = n + -3. Let y be 43 + p/4*2. What is the highest common divisor of y and 6?
6
Let z(f) = -11*f + 6. Let j be z(-2). Calculate the greatest common factor of j and 7.
7
Let p(t) = -t**3 + 3*t**2 + 7*t - 3. Let l be p(3). Let v be (-4)/(-14) + 183/21. Calculate the highest common divisor of v and l.
9
Suppose -4*s = 2 + 6. Let w = s - -10. Let g(x) = -31*x + 2. Let h be g(-2). Calculate the highest common factor of h and w.
8
Let x(r) = r**2 + 3*r - 28. Let d be x(-14). What is the highest common divisor of 21 and d?
21
Let s be 12/(-7)*(-126)/36. What is the greatest common factor of s and 4?
2
Suppose -2*x - 6 = -5*x. Suppose -x*l = -4*a, 5*l + 0*l - 3*a = 35. What is the greatest common factor of 80 and l?
10
Let x(f) = f**3 - 18*f**2 - 14*f + 5. Let l be x(19). What is the greatest common factor of 20 and l?
20
Let w be (-2)/9 + (-5688)/(-81). Suppose -3*x + 25 = -5*z, 5*x - 54 = 2*z - 6. What is the greatest common divisor of x and w?
10
Let k be 42/4*(-2)/(-3). Suppose 4 = -5*m + k*m. Let l(x) = -x - 1. Let w be l(-5). What is the greatest common factor of w and m?
2
Let a = 23 + 8. Suppose 5 = 3*d - a. Calculate the greatest common divisor of 3 and d.
3
Let m be 1 - (-1 + -8 - (-9 + 5)). Calculate the greatest common factor of m and 30.
6
Let q = 270 + -190. Calculate the highest common factor of 32 and q.
16
Suppose 11 + 15 = 2*a. Calculate the greatest common divisor of a and 117.
13
Suppose 3*t = 5*q - 9*q + 37, -12 = -3*q. What is the highest common divisor of 4 and t?
1
Let l be (-15)/6*(-4)/5. Suppose 0 = g + l*g + 54. Let p = 78 + g. Calculate the greatest common factor of 12 and p.
12
Suppose 7 = 4*z + 19. Let w be ((-6)/4)/(z/4). What is the highest common divisor of w and 3?
1
Suppose -x + 3*x - 12 = 0. Suppose 9 = 3*a - x*a. Let g be (40/6)/(a/(-18)). What is the highest common divisor of g and 10?
10
Let v = 10 + -6. Suppose v*o + o = 15. Suppose 44 = r + o*r. What is the highest common factor of 88 and r?
11
Let d(b) = -2*b**3 - 6*b**2 - 4*b. Let q be d(-4). Let o be 236/20 + (-1)/(-5). Calculate the greatest common divisor of q and o.
12
Suppose -13*h = -8*h + 3*f - 72, 14 = h + f. Let x be 1/(-4) + (-1082)/(-8). What is the highest common factor of h and x?
15
Suppose -3*u + 13*u - 50 = 0. Calculate the highest common divisor of u and 45.
5
Let s be (-4 - 42)/((-4)/10). Calculate the highest common divisor of s and 46.
23
Let p = 7 + -5. Suppose -p*b - 10 = -7*b. Suppose b*a - 4 = 24. Calculate the greatest common factor of 112 and a.
14
Suppose 4*g - 1197 = g. Let r = -223 + g. Calculate the greatest common factor of r and 16.
16
Suppose 2*g = -0*g - f + 16, 5*g - 29 = 3*f. Suppose -37 = -11*d + 117. What is the highest common factor of g and d?
7
Let i be (-2)/(-8) - (-13)/(-52). Suppose -5*y = -i*y - 140. What is the highest common divisor of 4 and y?
4
Suppose 0 = 2*k + 4*k - 270. Calculate the highest common divisor of 9 and k.
9
Let n = 139 - 97. What is the greatest common divisor of 28 and n?
14
Suppose 2*p = p - 6. Let q be ((-6)/(-4))/(p/(-392)). Let c = 1 + 13. What is the highest common factor of q and c?
14
Suppose -2*f - 468 = -6*f. Suppose r = 0, b + 52 = 5*b - 3*r. What is the highest common divisor of b and f?
13
Suppose 5*o = 2*o. Suppose o = 5*t - 22 - 28. What is the highest common divisor of t and 15?
5
Let k = 21 + -9. What is the highest common divisor of k and 108?
12
Let n(o) = 44*o - 22. Let i be n(7). Calculate the greatest common factor of i and 26.
26
Suppose -3*z + 2*p = -80, p - 76 = -3*z + 5*p. Calculate the highest common divisor of 42 and z.
14
Let h = -4 - -7. Suppose 3*q = 4*a + 21, a = -h*q - 2*q + 12. Let d be (-1)/(q/(-6)) + 8. Calculate the greatest common factor of d and 15.
5
Suppose 4*c - 4*z = 4, 2*c - 6 = 3*z - 0*z. Suppose 5*l - 72 = -6*h + 2*h, 4*h = -l + 72. Let m = h + c. What is the highest common divisor of 75 and m?
15
Suppose 16*s = 9*s + 112. Calculate the highest common factor of s and 8.
8
Let j = 66 + -26. Suppose -3*o = -4*p - 56, 5*o = 2*p - 6*p + j. What is the greatest common factor of o and 24?
12
Let b be 1 + (-2*(3 - 4) - -3). What is the highest common factor of 24 and b?
6
Let u = -36 - -69. Calculate the highest common factor of u and 264.
33
Let g = 0 + -11. Let v(q) = -q**2 - 12*q + 16. Let o be v(g). Calculate the greatest common factor of 189 and o.
27
Let u = 9 - 6. Suppose 0 = 5*v + u*d - 48, -d - 72 = -5*v + 2*d. What is the greatest common factor of v and 60?
12
Let z be (-5)/(-20) - 675/(-4). Suppose -2*m = -q - m - 29, m = -5*q - z. Let x be 4/((-12)/q) - -1. What is the highest common divisor of x and 12?
12
Let k(o) = -o**2 - 2*o + o**2 + 0*o**2 + 2*o**2 + 1 + 11*o**3. Let q be k(1). Calculate the highest common factor of 6 and q.
6
Let r(q) = q**3 + 7*q**2 - 2*q + 6. Let y be r(-7). Suppose 4*x - y = 120. Calculate the highest common factor of 7 and x.
7
Let l(k) = -2*k**3 - 6*k**2 - 4*k + 3. Let y be l(-4). Suppose o - 7*o = -102. What is the greatest common factor of o and y?
17
Let q = 1 - -1. Let h(i) = 2*i - 3. Let p(y) = -y**3 + 6*y**2 - 3*y - 6. Let s be p(5). Let l be h(s). What is the